
Calculate the highest common factor of 936 and 72.
72
Calculate the greatest common divisor of 77 and 315.
7
What is the greatest common factor of 19 and 190?
19
Calculate the highest common factor of 67 and 45426.
67
What is the greatest common factor of 56 and 6568?
8
Calculate the highest common factor of 48 and 2608.
16
Calculate the highest common factor of 2 and 263.
1
Calculate the greatest common divisor of 192 and 2240.
64
What is the greatest common factor of 8 and 268?
4
Calculate the highest common factor of 435 and 609.
87
What is the highest common factor of 132 and 10868?
44
What is the greatest common factor of 138 and 822?
6
Calculate the highest common divisor of 54 and 4671.
27
What is the highest common factor of 377 and 29?
29
What is the greatest common divisor of 53 and 3233?
53
Calculate the greatest common factor of 448 and 192.
64
What is the highest common divisor of 1568 and 28?
28
Calculate the highest common divisor of 2911 and 71.
71
What is the highest common divisor of 30 and 350?
10
Calculate the greatest common divisor of 27808 and 1056.
352
Calculate the highest common divisor of 602 and 344.
86
What is the highest common divisor of 1290 and 30?
30
What is the greatest common factor of 344 and 43?
43
What is the highest common divisor of 87 and 1769?
29
What is the highest common divisor of 16 and 112?
16
Calculate the highest common factor of 299 and 104.
13
Calculate the highest common factor of 51 and 17.
17
What is the greatest common factor of 425 and 221?
17
What is the highest common divisor of 155 and 248?
31
What is the highest common factor of 1944 and 3456?
216
What is the highest common divisor of 252 and 348?
12
Calculate the greatest common factor of 3363 and 57.
57
What is the highest common divisor of 2451 and 57?
57
Calculate the greatest common factor of 160 and 5710.
10
Calculate the highest common factor of 685 and 3836.
137
What is the greatest common divisor of 3071 and 333?
37
Calculate the greatest common factor of 13 and 1573.
13
Calculate the highest common divisor of 2 and 34.
2
Calculate the greatest common divisor of 83 and 12.
1
Calculate the greatest common factor of 410 and 10.
10
What is the highest common factor of 430 and 688?
86
What is the highest common factor of 32 and 784?
16
Calculate the highest common factor of 236 and 1888.
236
What is the highest common factor of 720 and 45?
45
What is the highest common factor of 154 and 869?
11
Calculate the highest common divisor of 2345 and 245.
35
What is the highest common divisor of 540 and 1980?
180
What is the greatest common factor of 31 and 4743?
31
Calculate the greatest common divisor of 1 and 557.
1
Calculate the highest common factor of 493 and 51.
17
Calculate the highest common factor of 448 and 504.
56
What is the greatest common divisor of 76 and 1311?
19
What is the greatest common factor of 672 and 784?
112
What is the greatest common factor of 30 and 30?
30
Calculate the greatest common factor of 99 and 55.
11
Calculate the greatest common divisor of 132 and 1419.
33
Calculate the greatest common divisor of 2354 and 44.
22
Calculate the highest common factor of 6 and 54.
6
What is the highest common factor of 1630 and 40?
10
What is the greatest common factor of 282 and 6?
6
Calculate the greatest common factor of 39725 and 454.
227
Calculate the highest common factor of 390 and 30.
30
What is the highest common divisor of 68 and 12?
4
Calculate the highest common divisor of 120 and 680.
40
What is the highest common factor of 9750 and 130?
130
Calculate the highest common factor of 1043 and 14.
7
What is the highest common divisor of 1500 and 6?
6
What is the greatest common divisor of 552 and 132?
12
What is the highest common factor of 8943 and 33?
33
Calculate the highest common factor of 234 and 2223.
117
What is the highest common divisor of 15 and 165?
15
Calculate the greatest common divisor of 48 and 60.
12
What is the highest common divisor of 426 and 5822?
142
What is the greatest common factor of 474 and 48?
6
What is the greatest common divisor of 64 and 3128?
8
What is the highest common divisor of 810 and 150?
30
What is the greatest common factor of 273 and 4732?
91
What is the highest common divisor of 5076 and 12?
12
What is the highest common divisor of 540 and 405?
135
Calculate the highest common factor of 35 and 280.
35
Calculate the highest common factor of 38 and 60.
2
What is the greatest common divisor of 7665 and 70?
35
Calculate the greatest common divisor of 72 and 16668.
36
Calculate the highest common divisor of 24 and 33.
3
What is the greatest common factor of 242 and 22?
22
What is the greatest common divisor of 17220 and 15?
15
Calculate the greatest common divisor of 660 and 3135.
165
Calculate the greatest common divisor of 2 and 9.
1
Calculate the highest common divisor of 5842 and 1524.
254
What is the highest common divisor of 54 and 108?
54
Calculate the greatest common divisor of 60 and 160.
20
What is the greatest common factor of 3393 and 29?
29
Calculate the highest common divisor of 442 and 68.
34
What is the highest common divisor of 12077 and 52?
13
What is the greatest common divisor of 146 and 949?
73
What is the greatest common divisor of 21 and 1589?
7
What is the highest common factor of 22 and 671?
11
What is the greatest common factor of 1440 and 2070?
90
Calculate the greatest common factor of 44 and 308.
44
Calculate the greatest common factor of 342 and 152.
38
What is the greatest common factor of 24 and 1788?
12
Calculate the greatest common divisor of 6 and 7737.
3
Calculate the highest common divisor of 312 and 96.
24
What is the highest common factor of 27 and 621?
27
What is the highest common divisor of 459 and 17?
17
Calculate the greatest common factor of 14 and 63.
7
Calculate the greatest common divisor of 13 and 6617.
13
What is the highest common divisor of 2264 and 144?
8
What is the greatest common divisor of 28 and 574?
14
What is the highest common factor of 500 and 5750?
250
Calculate the greatest common divisor of 25 and 675.
25
Calculate the greatest common divisor of 4929 and 279.
93
Calculate the greatest common divisor of 450 and 120.
30
Calculate the highest common factor of 120 and 528.
24
Calculate the greatest common factor of 66 and 418.
22
What is the greatest common factor of 176 and 792?
88
What is the highest common factor of 530 and 30?
10
Calculate the greatest common factor of 12 and 196.
4
What is the greatest common factor of 47 and 329?
47
What is the greatest common factor of 71 and 8591?
71
Calculate the highest common factor of 12 and 92.
4
What is the highest common divisor of 2875 and 125?
125
What is the greatest common factor of 68 and 5644?
68
What is the greatest common divisor of 12130 and 10?
10
Calculate the highest common factor of 75 and 1125.
75
What is the highest common divisor of 1079 and 39?
13
Calculate the greatest common divisor of 12 and 15.
3
What is the highest common divisor of 354 and 3?
3
What is the greatest common factor of 20 and 605?
5
Calculate the greatest common divisor of 2344 and 8.
8
What is the greatest common divisor of 10 and 1010?
10
Calculate the highest common factor of 37185 and 670.
335
What is the greatest common factor of 54 and 1143?
9
What is the greatest common divisor of 63 and 90?
9
What is the greatest common divisor of 2 and 118?
2
Calculate the highest common divisor of 4 and 11484.
4
What is the highest common divisor of 175 and 7?
7
Calculate the greatest common divisor of 161 and 1357.
23
What is the greatest common factor of 780 and 5772?
156
Calculate the greatest common factor of 1378 and 78.
26
What is the highest common factor of 6276 and 12?
12
What is the highest common factor of 5513 and 37?
37
Calculate the greatest common factor of 26 and 1625.
13
Calculate the highest common factor of 319 and 66.
11
Calculate the highest common factor of 1411 and 255.
17
Calculate the greatest common divisor of 69 and 8211.
69
What is the greatest common divisor of 485 and 30?
5
What is the highest common divisor of 13992 and 1696?
424
Calculate the highest common factor of 1030 and 618.
206
What is the highest common factor of 65 and 9490?
65
Calculate the